 t(q) = 2*h(q) - 9*j(q). Calculate t(r).
-2
Let a(s) = 9*s**3 + 1 + 1 + 3*s - 3 - 2*s. Suppose 0 = -d + 5*d - 16. Suppose -d*x = 3 - 7. Give a(x).
9
Let v(x) = 3*x + 4. Let n(p) = p + 1. Let c(y) = y**2 - 5*y - 3. Let l(g) = -c(g) - 4*n(g). Let d be l(2). Calculate v(d).
-5
Suppose 0 = 6*y - y - 330. Let i(h) = -65*h + 1 - 5 + y*h. Calculate i(10).
6
Let m(n) = -74*n + 73*n - 3 + 4. Let o be (-2)/(-6) + (-34)/(-6). What is m(o)?
-5
Let g(b) = b**2 + 12 - 15 - 4*b + 0*b**2 + 0*b**2 + 10. What is g(5)?
12
Let m(h) be the first derivative of h**4/12 + h**3/3 - 3*h**2 - 9. Let s(g) be the second derivative of m(g). Let b = -9 - -6. What is s(b)?
-4
Suppose -4*x + 8 = 4*t, 5 + 6 = 3*x + 2*t. Let r(m) = x*m - 24 + 18 + m**2 - m. Give r(-7).
1
Let s(y) = -y**3 + 3046*y**2 + 1 - 3047*y**2 + 3*y + 2. What is s(3)?
-24
Suppose -q + 20 = 3*q. Suppose -4*y = -q - 11. Suppose -m - m = 5*h + 9, h - y*m = 7. Let a(g) = -2*g - 1. Calculate a(h).
1
Suppose -2*o = -45 + 39. Let d(v) be the first derivative of -v**4/24 + 5*v**3/6 + v**2/2 - 2. Let u(k) be the second derivative of d(k). What is u(o)?
2
Let a(i) be the third derivative of i**4/12 + i**3/3 - 10*i**2 - 1. What is a(-6)?
-10
Suppose 24*o - 38 = -134. Let x(g) = 0*g + 5*g + g**2 + 0*g + 6. What is x(o)?
2
Let t(l) = 44. Let a(u) = -u - 7. Let s(b) = 5*a(b) + t(b). Calculate s(3).
-6
Let r(i) = 3*i + 1. Suppose 5*t + 3*w = 279, -2*t - 3*t - 5*w + 275 = 0. Suppose -4*g - 9 + t = 0. Let x = g - 17. What is r(x)?
-14
Let i(t) = 21*t - 5. Let r(u) be the third derivative of -11*u**4/24 + u**3/2 - 15*u**2. Let y(l) = -4*i(l) - 7*r(l). What is y(-1)?
6
Let b(y) be the first derivative of -7*y**2/2 - 3*y - 1. Let v(x) = 2*x**2 + 44*x + 40. Let w be v(-21). What is b(w)?
11
Let b(t) = -t**2 + 5*t - 3. Suppose -24 = -4*f - 184. Let k = 45 + f. Determine b(k).
-3
Let t(g) = g**3 - 3*g**2 - 7*g + 6. Suppose 4*o + 62 = -58. Let y be (-16)/(-40)*o/(-3). Calculate t(y).
-6
Let q(x) = 2*x**3 + 2*x**2 - x + 3. Let m(y) = y**3 - y. Let j(t) = -3*m(t) + q(t). Suppose -32*l + 9 = -30*l + h, 0 = -3*l + 3*h. What is j(l)?
0
Let s = 63 + -60. Suppose -4*c - 12 = t, 7 = -c + s. Let o(b) = -5*b + 5. Give o(t).
-15
Let v(h) be the second derivative of h**4/6 + 2*h**3/3 - 2*h**2 + 238*h. What is v(4)?
44
Let f(p) be the second derivative of 0 - 1/120*p**5 - 5/3*p**3 - 8*p - 1/8*p**4 + 0*p**2. Let b(i) be the second derivative of f(i). Determine b(5).
-8
Suppose 7 = l + 4. Let v(s) = 0*s + 1 - 5*s**l + s**2 + 11*s**3 - s + 0*s. Calculate v(1).
7
Let z(v) be the third derivative of -v**6/120 - v**5/12 - v**3/3 - 74*v**2. What is z(-5)?
-2
Let g(f) be the third derivative of f**4/8 + f**3/6 + 4*f**2 + 9*f. Let k = -3 + 3. Let y be (1 - 0/1) + k. Calculate g(y).
4
Let m(i) = i**2 + 7*i - 7. Let x = -15 + 17. Let w = -10 - -20. Suppose -s + x - w = 0. Determine m(s).
1
Let x(m) = -280*m + 275*m + 7*m**2 - 2 - m**3 - 3 - 3. Suppose 6*i - 24 = 2*i. Calculate x(i).
-2
Let l be (-2)/14*2 + 540/(-315). Let c(v) = -v**3 - 5*v**2 - 3*v + 4. Give c(l).
-2
Suppose 0 = b - 5*v - 1 - 9, -3*v - 108 = -4*b. Let j = -27 + b. Let u(y) = -2 - 4*y + 1 + 2*y - j. Give u(-6).
8
Suppose 5*f - 21 = 2*f. Suppose j + j = 3*v + f, -3 = -2*j - v. Suppose 3*l - 3*d = j + 1, 0 = -l - 5*d - 5. Let k(i) = i**3 + 3. Determine k(l).
3
Let j(r) = 167 + r**2 + 4*r - 167. Suppose 0 = 5*g - 5 + 20. Determine j(g).
-3
Let t be 16/6 + 1/3. Let v(f) = 2 + 0 + 48*f**t - 47*f**3 - 2*f**2 - 4*f. Suppose -2*d = -0*d - 6. Give v(d).
-1
Let t = -73 + 118. Let m = -50 + t. Let l(u) = -u**2 - 5*u + 1. Give l(m).
1
Let k(l) = -11*l - 3*l + l**2 + 7*l. Determine k(7).
0
Let v(p) = p**3 - 8*p**2 - 2*p + 1. Suppose -22*o + 23*o + 21 = 3*q, -4*q + 23 = -3*o. What is v(q)?
-15
Let t(r) = 3*r**2 - 1. Let a be t(1). Let h(f) = f**2 - 20*f + 2. Let g be h(20). Let j(p) = -6*p**2 + g*p - 2*p**a + 3*p**2 + 4 - 1 - p**3. What is j(-5)?
-7
Let y(n) be the first derivative of 2 + 3/2*n**2 + 2/3*n**3 - 8*n. Let w(c) be the first derivative of y(c). Determine w(-3).
-9
Let q(a) = -a**3 - 7*a**2 - a. Let w = 173 + -180. What is q(w)?
7
Let p(u) be the second derivative of u**4/24 - u**3/2 - 8*u**2 - 59*u. Let o(g) be the first derivative of p(g). Let y be -3 - (0 + (0 - -1)). What is o(y)?
-7
Let p(l) = -10*l**3 + 2*l**2 + l. Let v be (-6)/(-99)*3 - (-208)/(-176). Give p(v).
11
Suppose 3*w - 23 = -2*k, 68 = -17*w + 21*w + 12*k. Let s(v) be the third derivative of -5/6*v**3 + 1/60*v**w + 1/4*v**4 + 0 + 0*v + 12*v**2. Calculate s(-6).
-5
Let i(s) = 2*s**2 - 84*s - 265. Let u be i(45). Let v(x) = -5*x - 5*x**2 + 1 + 6*x**2 + 2. Give v(u).
3
Suppose 0 = 3*g + 34 - 82. Suppose 0 = 5*u - 5*y - 15, -4*u = -5*y - g + 1. Let k(z) = u*z - 1 + 1 - z - 5*z**3. Calculate k(-1).
6
Suppose 0 = h - 2, 0 = -2*r - 10*h + 11*h - 2. Let d(m) be the third derivative of -1/60*m**5 + r + 0*m**3 + 5*m**2 + 1/4*m**4 + 0*m. Determine d(5).
5
Let v = -16 - -11. Let o(p) = p**3 + 2*p**2 + 8*p + 5. Let u be o(v). Let d be u/30 - (-2)/3. Let z(g) = -3*g - 1. Determine z(d).
8
Let x(i) be the second derivative of -i**5/20 - 7*i**4/12 - i**3/6 - 2*i**2 + 178*i. Calculate x(-7).
3
Let d(n) = -n**3 + n**2 + 4*n - 3. Suppose -4*m + g - 22 = -65, -g - 33 = -3*m. Let y be 12*(2 - 6/4). Suppose -j = -y*j + m. Calculate d(j).
1
Let d(s) = -6*s**2 + 8 + 1259*s**3 + 5*s - 1 - 1260*s**3. Give d(-6).
-23
Suppose 2*a + 2 = 10. Let g(b) = -6*b - 1 + 0 + 1 - a. Give g(3).
-22
Let p = -208 + 204. Let j(n) be the third derivative of -n**5/60 - n**2. Determine j(p).
-16
Let s(c) be the second derivative of -c**4/4 - 2*c**3 + c**2 + 7*c. Let j(o) = o**2 + 4*o - 1. Let y(k) = -8*j(k) - 3*s(k). Determine y(-6).
14
Let m(q) = -q**3 + 4*q**2 + 7*q - 10. Suppose -z + 3*d - 5 = 0, -3*z + d = 3*d - 18. Give m(z).
18
Suppose 3*n - l + 13 = -0*n, 2*l - 20 = 4*n. Let f(w) = -6*w - 3 + 0 + 0. What is f(n)?
15
Let k(x) = -4*x + 2. Suppose 0 = 7*r + 37 - 16. Let o(t) = -7*t + 3. Let b(p) = r*o(p) + 5*k(p). Give b(3).
4
Let r(w) = w**2 + 10*w - 1. Let g(q) = q**3 + 7*q**2 + 16*q - 1. Let t(d) = g(d) - 2*r(d). What is t(-3)?
31
Let g(y) be the first derivative of y**3/3 - 8*y**2 - 11*y + 113. What is g(17)?
6
Let w(v) = -v**2 - 3*v - 2. Let s = 13 - 10. Suppose s*z = 2*q - 22, 2*z = z - 4*q + 16. Let t be z/1*(5 + -4). Give w(t).
-6
Let o = -21 + 23. Let d(n) = -o + 1 - 2*n**2 - 4. Let q be d(0). Let b(x) = -2*x - 3. Give b(q).
7
Let x(a) = 11*a**2 - a - 4. Let m(o) = -2*o**2 + 1. Let d(b) = -5*m(b) - x(b). What is d(1)?
-1
Suppose 5*u - 32 = -3*b, -5*b + 0*b - 5*u = -40. Let f(j) = j**2 - 7*j - 6. Give f(b).
-18
Let p = -8 + 6. Let o(u) = -u - 5 + u**2 - 4*u**2 + 0*u**2 + 4*u**2. Let l(m) = m**2 - 2*m - 5. Let i(y) = p*o(y) + 3*l(y). What is i(6)?
7
Let j(f) = -7*f**2 - 3*f + 29. Let q be ((-6)/8)/(1*(-2)/8). Let u(z) = 4*z**2 + 2*z - 14. Let l(b) = q*j(b) + 5*u(b). Calculate l(0).
17
Suppose -4 = -3*o + 2. Let i be -1 - ((-6)/9 - o/(-3)). Let h(r) = 4*r**2 - 11*r - 2. Let c(b) = 2*b**2 - 5*b - 1. Let m(n) = -7*c(n) + 3*h(n). Determine m(i).
-3
Suppose -3*l + 11 = -b, -7 - 24 = -4*b - 3*l. Let g(k) = k - 5. Give g(b).
-1
Suppose -3*i + 4 = 7. Let v be (6/(-18))/(i/(-12)). Let s(d) = 3*d + 2. Calculate s(v).
-10
Let z = 5 - 6. Let p(d) be the third derivative of 1/8*d**4 + 0 + 0*d - 10*d**2 - 1/6*d**3. What is p(z)?
-4
Let z(q) = 3*q + 17. Let r(s) = -5*s - 16. Let b(n) = 2*r(n) + 3*z(n). Determine b(25).
-6
Let p be (-99)/6*(-16)/12. Let t(w) = p*w - 4 - 10*w - 10*w. What is t(-3)?
-10
Let m(l) = -l**2 + 3*l + 8. Let o(b) = 33*b - 224. Let x be o(7). What is m(x)?
-20
Let l(v) be the first derivative of 4*v**3/3 + 5*v**2/2 + 7*v + 487. Calculate l(-4).
51
Let i(b) = -16*b**2 + 6*b + 37. Let r(u) = 7*u**2 - 3*u - 18. Let n(o) = -3*i(o) - 7*r(o). Determine n(5).
5
Let c(l) be the first derivative of l**4/4 - l**3/3 + 3*l**2/2 - 3*l - 2. Suppose -v - 5*d - 3 = -10, -2*v + 2 = -2*d. What is c(v)?
7
Let y(m) = -m**3 + 5*m**2 - 7*m + 6. Suppose 72 = 4*h - 3*h - 2*c, -4*h - 5*c + 262 = 0. Let u be 289/h + (-2)/8. What is y(u)?
-6
Let t(l) = l**2 + 11*l - 10. Let a be t(-12). Let c(f) = 3*f**2 - 5*f + 6*f + a + f. What is c(-2)?
10
Let j(n) = n**3 + 4*n**2 + 2*n + 8. Let g be j(-4). Let b(l) = -l**2 + l + 5. Calculate b(g).
5
Let u(w) be the second derivative 